-15) + 54/(-10) + 2. Is (1 + w)/(138/(-93909)) a composite number?
False
Suppose 6*q - 425542 + 183411 = 935855. Is q composite?
False
Suppose -5*c + 4*c = 4*u - 6960, -2*c - 5*u + 13911 = 0. Suppose -80*m + c = -84*m. Let j = m + 2852. Is j a prime number?
False
Suppose -3*m = 5*c, 5*m + 2*c - 9 = 10. Let w(x) = 1895*x - 92. Is w(m) a prime number?
False
Let l be (-6)/(-21) - (-144)/84. Suppose l*o - 5*z = 20, o + 0*o + 16 = -4*z. Suppose o = -b + 450 - 121. Is b a composite number?
True
Let k be (-74)/111*(-27)/6. Suppose 0 = -2*x + 3*p + 854 + 5952, 0 = -k*x - 5*p + 10247. Is x a prime number?
False
Let a be ((-27)/(-18))/((-6)/(-8)). Suppose 4*k + 16 = 0, -4*k = a*j - 0*k - 1614. Suppose -3*p + c + j = -p, 4*p - 1651 = -5*c. Is p prime?
True
Let r = 55 - 47. Suppose 3*h + 69805 = r*h. Is h composite?
True
Suppose 570774 = 4*a + 2*i, -16*a + 428063 = -13*a - 2*i. Is a prime?
False
Let z be ((-6369)/44)/(1/4). Suppose 5*l + 15 = 0, -5*q = -6*l + 2*l - 5302. Let a = z + q. Is a composite?
False
Let y be 9/(36/38368) - -5. Suppose 5*h - 8*h + y = 0. Is h a prime number?
False
Suppose -85*r + 69*r + 64 = 0. Suppose 3*d = -r*a + 7769, 4*d = -14*a + 19*a - 9719. Is a a prime number?
False
Suppose 0 = 23*z - 94*z + 2493520. Let i = 70143 - z. Is i a prime number?
True
Let b(q) be the third derivative of -2041*q**4/12 + 29*q**3/6 + 20*q**2 + 2. Is b(-1) composite?
False
Is (-1 - 0) + (280270 - (-13 - -5)) a composite number?
False
Let i(v) = v**3 + 14*v**2 + 27*v + 22. Suppose 0 = z - 0*k - k + 9, 0 = -4*z - k - 41. Let y be i(z). Let c = y + 11. Is c a composite number?
False
Let m = -89 - -86. Let f be (-22 - (-7 - m))*293/(-2). Is (4/(-6))/(10542/f - 4) composite?
False
Is (-1)/((-6)/444627)*74/111 prime?
False
Suppose -26*s + 353804 = -453314. Is s prime?
False
Let a be ((-270)/(-60))/((-3)/(-486)). Let d = a + 3472. Is d composite?
False
Suppose -17*r + 19976 = -21*r. Let m = r - -12891. Is m a composite number?
True
Let w(t) = 14*t**2 - 60*t - 19. Let d be (-46)/(2 + -4 + (-6 - -10)). Is w(d) a prime number?
False
Let p = -23 - -25. Suppose 2*a - 4*u - 18 = 0, 5*u + 23 = -0*a + p*a. Is 23639/42 + a/(-6) composite?
False
Let x be (-20)/(-30) + (-2)/(18/(-117849)). Let b = x + -338. Is b a composite number?
False
Let c(g) be the second derivative of 49*g**3 - 11*g**2/2 - 14*g - 4. Is c(13) prime?
False
Suppose 0*z - 7387957 = -81*z - 779896. Is z composite?
True
Suppose 5*g - a = 47441, 284*g - 282*g - 18970 = 2*a. Is g composite?
True
Let x be (160/12)/5*3. Suppose -x*h + 1160 = -3*h. Suppose -5*v = h - 677. Is v a composite number?
False
Suppose 6*h = -7*h - 6*h. Suppose h = -b + m + 2*m + 537, 2685 = 5*b - 2*m. Is b composite?
True
Suppose 0 = 108*b - 98*b - 50. Suppose -7180 = -4*z - b*m + 9*m, 5*m = 0. Is z a composite number?
True
Let t = 9651 - -3656. Is t a composite number?
True
Suppose 2*o + 4*l = 16, -5*l = 40*o - 36*o - 38. Let z(q) = -20*q**2 + 24*q + 8. Let h(p) = -13*p**2 + 16*p + 5. Let t(c) = 7*h(c) - 5*z(c). Is t(o) prime?
False
Suppose g + 69848 = s, -s + 2*g + 26445 + 43404 = 0. Is s a composite number?
False
Let d = 71082 - 46471. Is d a composite number?
False
Is 498/(-4)*-1269 - (-11 - 44)/110 composite?
False
Let f(p) = 1119*p**2 + 19*p - 47. Is f(7) a composite number?
False
Suppose -2*o + 410422 = -4*s, -s + 665199 - 49580 = 3*o. Is o composite?
True
Is (25 + -86259)/(8/372*-3) composite?
True
Let p be (-2 - (-12)/7) + (-4)/(-14). Suppose p = 4*u - 5*y - 16, 0*y - 12 = 4*u + 2*y. Is (((-1)/(-1))/u)/((-16)/14576) a composite number?
False
Suppose 3*g - 30 = v - 24, 0 = -4*v - 2*g + 18. Is (-1 + v - (-12)/(-2)) + 1953 a prime number?
True
Let z(k) = k**3 - 2*k**2 + 22*k + 57841. Is z(0) prime?
False
Suppose -3*a + 18 = -3*l, -a = a + 2*l. Let m(k) = k**3 - 2*k**a + 4*k + 5*k - 8*k + 307. Is m(0) a prime number?
True
Suppose -318*y = -294*y - 214152. Is y a prime number?
True
Let q(v) = 15*v + 250*v**2 - 96058 + 95793 + 17*v. Is q(8) composite?
False
Suppose -4*t + 612660 = 4*l, -2*t + 29585 + 736246 = 5*l. Is l prime?
False
Suppose -76890 - 108741 + 58250 = -17*v. Is v a prime number?
False
Suppose 2*z - 103 = -67. Let t be 68/z - 4 - 89106/(-27). Suppose t = 4*q - q - 3*g, q - 4*g = 1109. Is q prime?
True
Suppose 3*f - 387 = m, -4*m - 175 - 221 = -3*f. Let c = f - 132. Is 2049 + 24/3 + c prime?
True
Let p(h) = -7*h**3 + 8*h**2 - 7*h - 9. Let b(t) = -t**3 - t**2 + t + 1. Let n = -16 - -10. Let z(w) = n*b(w) + p(w). Is z(11) a composite number?
True
Suppose -6640 = 6*h - 2*h. Suppose 7418 = 2*o - 2*d, o - d + 6*d = 3685. Let k = o + h. Is k prime?
False
Suppose -2*k - 20 = -5*a, -4*k = a - 0 - 4. Suppose -24 = -4*l - 0*l - 4*z, -2*z = 3*l - 15. Suppose k*j - 1371 = -l*j. Is j composite?
False
Suppose -2*k = -97 + 101. Is k - -7 - 384*-3 a composite number?
True
Suppose 4*g = -w - 2*w - 2563, -2560 = 4*g + 4*w. Let x = g - -1572. Is x composite?
False
Suppose 6*f = 15 + 9. Suppose 2*s + 15870 = f*h, 2*s = h + 5*s - 3964. Is h composite?
False
Suppose 12 = 3*i - 4*h, -10 = -2*i - 5*h - 2. Suppose n = 3*n + i*o - 1234, 2*o = 3*n - 1843. Let x = -358 + n. Is x a prime number?
True
Suppose -230 = 5*i + 45. Let x = i + 57. Suppose -6*c = 4*h - c - 1331, -x*c - 336 = -h. Is h a composite number?
True
Suppose 74*h - 16 = 78*h. Is h/1 - (-6 - 379) a composite number?
True
Let h be ((-2)/3)/(10/(-75)). Suppose h*l = 5*w + 24870, 0*l - 4*w = -5*l + 24865. Is l prime?
True
Suppose -747793 + 117317 = -7*i. Suppose -5*t + i = 21723. Is t a prime number?
True
Suppose -4*c - 8 = 0, -6*g + g + 5*c = -10. Suppose g = -40*a + 31*a + 5931. Is a prime?
True
Let m(j) = -34346*j - 1785. Is m(-11) composite?
False
Let x be (-43144)/6*(4 - 1). Let j = 42565 + x. Is j a prime number?
False
Let c = 96 + -102. Is 1/c*2*-1257 prime?
True
Suppose -4*n - 2*i = -3*i - 6, 0 = -i + 2. Let d(l) = 4*l**2 + 7*l**2 + 4*l**n - 4*l**2 - 5 + 10*l. Is d(-6) a composite number?
False
Suppose 8*f - 10 - 110 = 0. Suppose -264 = -4*u + 4*r, 0 = 7*r - 4*r - f. Is u a prime number?
True
Let x(d) = -19*d - 130. Let a be x(-7). Suppose -4*b + 4554 = 2*r, -2*r - a*r = b - 11340. Is r a prime number?
True
Suppose 4 = 6*j - 38. Suppose j*h + h = 1200. Suppose l = 2*l + 5*n - 138, 0 = -l - 2*n + h. Is l prime?
False
Let d(y) be the second derivative of y**5/2 - y**4/12 - 2*y**3/3 + 4*y**2 + y - 14. Is d(3) prime?
True
Let k be 0 + 4/((-12)/(-9)). Let p be (28 - k)/(6/438). Suppose 0 = -0*t - 5*t + p. Is t prime?
False
Let h(w) = 128*w**3 + 3*w - 25. Is h(6) composite?
True
Let c(i) = -6 - 2397*i - 6 + 5 + 21 + 45. Is c(-8) prime?
False
Let g(a) = 4 + 6*a + 0*a + 2*a. Let v be g(-1). Is 574 + -1*(v - -7) a composite number?
False
Let o = -17315 - -35161. Let u = -9119 + o. Is u composite?
True
Let m = 65 - 67. Is 777 - (96/60)/(m/5) composite?
True
Let w = 167 - 641. Let t = w - -4208. Is t a composite number?
True
Let p be 6 - 5/(1*20/24). Suppose -3*n + 5*n - 69766 = p. Is n composite?
False
Let w be 33528/198*(-6)/(-4). Suppose 2*b - 274 = -3*s, -w = -2*b + 10*s - 8*s. Is b a prime number?
True
Let k = 281986 - 177872. Is k a composite number?
True
Let a(l) = -l**3 + 5*l**2 + 2*l + 6. Let b be a(6). Let c = b + 24. Is 86 + c*2/(-4) composite?
False
Suppose 56*g + 65*g - 10488851 = 98*g. Is g composite?
False
Let d = 343564 - 161097. Is d prime?
True
Suppose 17*l + 22023530 + 73742486 = 529*l. Is l prime?
True
Suppose -h - 3*w = 10, 0 = -0*h - 4*h - w - 29. Let v(g) be the first derivative of -14*g**2 - 2*g + 1. Is v(h) composite?
True
Suppose -h = -703 + 679. Suppose -35*i = -h*i - 109351. Is i prime?
True
Suppose 24*u + u = 250. Let j(r) = 80*r**2 - 21*r + 3. Is j(u) a prime number?
True
Let l(d) = 856*d**2 - 114*d - 1009. Is l(-9) composite?
True
Let r(h) = -37*h + 8. Let s be r(-3). Let v(p) = 104*p. Let x be v(1). Let y = s + x. Is y composite?
False
Let s(c) = 2*c + 84. Let b be s(-44). Is (-1482572)/(-140) - b/(-5) prime?
True
Let u(m) = -4*m**3 - m**2 - m. Let i = -59 + 58. Let k be u(i). Is 18 + k/((-8)/(-6)) a prime number?
False
Let d(h) = 226*h**2 + 16*h + 85. Let n be d(-4). Let g = -2406 + n. Is g composite?
False
Suppose 0 = 14*f - 1322746 - 423600. Is f composite?
False
Let c = -377 + 382. Suppose -3398 = -c*j - 573. Is j composite?
True
Let o = -60120 